{"id":313,"date":"2019-03-11T07:22:50","date_gmt":"2019-03-11T07:22:50","guid":{"rendered":"https:\/\/demo.accesspressthemes.com\/zigcy-lite\/demo-one\/?page_id=313"},"modified":"2023-07-07T12:46:09","modified_gmt":"2023-07-07T12:46:09","slug":"over-ons","status":"publish","type":"page","link":"https:\/\/immersafe.de\/shop\/over-ons\/","title":{"rendered":"Over ons"},"content":{"rendered":"\t\t<div data-elementor-type=\"wp-page\" data-elementor-id=\"313\" class=\"elementor elementor-313\">\n\t\t\t\t\t\t<section class=\"elementor-section elementor-top-section elementor-element elementor-element-695bba3e elementor-section-full_width elementor-section-content-top elementor-section-height-default elementor-section-height-default\" data-id=\"695bba3e\" data-element_type=\"section\" data-e-type=\"section\" data-settings=\"{&quot;background_background&quot;:&quot;classic&quot;}\">\n\t\t\t\t\t\t<div class=\"elementor-container elementor-column-gap-no\">\n\t\t\t\t\t<div class=\"aux-parallax-section elementor-column elementor-col-100 elementor-top-column elementor-element elementor-element-23f5c8f7\" data-id=\"23f5c8f7\" data-element_type=\"column\" data-e-type=\"column\" data-settings=\"{&quot;background_background&quot;:&quot;classic&quot;}\">\n\t\t\t<div class=\"elementor-widget-wrap elementor-element-populated\">\n\t\t\t\t\t\t<section class=\"elementor-section elementor-inner-section elementor-element elementor-element-c34e9c4 elementor-section-boxed elementor-section-height-default elementor-section-height-default\" data-id=\"c34e9c4\" data-element_type=\"section\" data-e-type=\"section\">\n\t\t\t\t\t\t<div class=\"elementor-container elementor-column-gap-default\">\n\t\t\t\t\t<div class=\"aux-parallax-section elementor-column elementor-col-100 elementor-inner-column elementor-element elementor-element-e429eb9\" data-id=\"e429eb9\" data-element_type=\"column\" data-e-type=\"column\">\n\t\t\t<div class=\"elementor-widget-wrap elementor-element-populated\">\n\t\t\t\t\t\t<div class=\"elementor-element elementor-element-53113808 elementor-widget elementor-widget-text-editor\" data-id=\"53113808\" data-element_type=\"widget\" data-e-type=\"widget\" data-widget_type=\"text-editor.default\">\n\t\t\t\t<div class=\"elementor-widget-container\">\n\t\t\t\t\t\t\t\t\t<h3>Immersafe ist Teil einer Gruppe, die auf dem Gebiet der Sicherheitsprodukte in Europa und Asien eine unabh\u00e4ngige Produktion und Vertrieb betreibt. Gemeinsam mit unseren Kunden und Partnern entwickeln wir innovative L\u00f6sungen zu einem g\u00fcnstigen Preis.<\/h3>\t\t\t\t\t\t\t\t<\/div>\n\t\t\t\t<\/div>\n\t\t\t\t<div class=\"elementor-element elementor-element-7699f54 elementor-widget elementor-widget-text-editor\" data-id=\"7699f54\" data-element_type=\"widget\" data-e-type=\"widget\" data-widget_type=\"text-editor.default\">\n\t\t\t\t<div class=\"elementor-widget-container\">\n\t\t\t\t\t\t\t\t\t<h5>Unsere Bem\u00fchungen zielen st\u00e4ndig auf Kundenzufriedenheit und die Gew\u00e4hrleistung optimaler Qualit\u00e4t unserer Produkte in Bezug auf Sicherheit und Materialwahl. So stellen wir sicher, dass die richtigen Produkte in der bestellten Menge rechtzeitig an den vereinbarten Standort geliefert werden. Mit unserer technischen Ausr\u00fcstung und Produktionsst\u00e4tte erf\u00fcllen wir die hohen Anforderungen des Marktes. Wir liefern Markenprodukte mit konstanter hoher Qualit\u00e4t und zu wettbewerbsf\u00e4higen Preisen.<\/h5>\n<h5>Unser Ziel ist es, die Sicherheit entlang der Lieferkette f\u00fcr unsere Kunden durch professionelle Beratung, spezialisierte Produktionsmethoden und eine agile Logistik zu optimieren. Gerne sind wir bereit, \u00fcber Ihre speziellen Anforderungen im Bereich von Versiegelungen zu sprechen. Sie werden es nicht bereuen, mit Immersafe zusammenzuarbeiten.<\/h5>\t\t\t\t\t\t\t\t<\/div>\n\t\t\t\t<\/div>\n\t\t\t\t\t<\/div>\n\t\t<\/div>\n\t\t\t\t\t<\/div>\n\t\t<\/section>\n\t\t\t\t\t<\/div>\n\t\t<\/div>\n\t\t\t\t\t<\/div>\n\t\t<\/section>\n\t\t\t\t<\/div>\n\t\t","protected":false},"excerpt":{"rendered":"<p>Immersafe ist Teil einer Gruppe, die auf dem Gebiet der Sicherheitsprodukte in Europa und Asien eine unabh\u00e4ngige Produktion und Vertrieb betreibt. Gemeinsam mit unseren Kunden und Partnern entwickeln wir innovative L\u00f6sungen zu einem g\u00fcnstigen Preis. Unsere Bem\u00fchungen zielen st\u00e4ndig auf Kundenzufriedenheit und die Gew\u00e4hrleistung optimaler Qualit\u00e4t unserer Produkte in Bezug auf Sicherheit und Materialwahl. So [&hellip;]<\/p>\n","protected":false},"author":1,"featured_media":0,"parent":0,"menu_order":0,"comment_status":"closed","ping_status":"closed","template":"","meta":{"_acf_changed":false,"footnotes":""},"class_list":["post-313","page","type-page","status-publish","hentry"],"acf":[],"_links":{"self":[{"href":"https:\/\/immersafe.de\/shop\/wp-json\/wp\/v2\/pages\/313","targetHints":{"allow":["GET"]}}],"collection":[{"href":"https:\/\/immersafe.de\/shop\/wp-json\/wp\/v2\/pages"}],"about":[{"href":"https:\/\/immersafe.de\/shop\/wp-json\/wp\/v2\/types\/page"}],"author":[{"embeddable":true,"href":"https:\/\/immersafe.de\/shop\/wp-json\/wp\/v2\/users\/1"}],"replies":[{"embeddable":true,"href":"https:\/\/immersafe.de\/shop\/wp-json\/wp\/v2\/comments?post=313"}],"version-history":[{"count":0,"href":"https:\/\/immersafe.de\/shop\/wp-json\/wp\/v2\/pages\/313\/revisions"}],"wp:attachment":[{"href":"https:\/\/immersafe.de\/shop\/wp-json\/wp\/v2\/media?parent=313"}],"curies":[{"name":"wp","href":"https:\/\/api.w.org\/{rel}","templated":true}]}}