{"id":4886,"date":"2025-06-17T11:00:33","date_gmt":"2025-06-17T11:00:33","guid":{"rendered":"https:\/\/shop.immersafe.de\/?page_id=4886"},"modified":"2026-01-21T10:38:50","modified_gmt":"2026-01-21T10:38:50","slug":"lieferzeit-und-kosten","status":"publish","type":"page","link":"https:\/\/immersafe.de\/shop\/lieferzeit-und-kosten\/","title":{"rendered":"Lieferzeit und Kosten"},"content":{"rendered":"\t\t<div data-elementor-type=\"wp-page\" data-elementor-id=\"4886\" class=\"elementor elementor-4886\">\n\t\t\t\t\t\t<section class=\"elementor-section elementor-top-section elementor-element elementor-element-9de52a5 elementor-section-boxed elementor-section-height-default elementor-section-height-default\" data-id=\"9de52a5\" data-element_type=\"section\" data-e-type=\"section\">\n\t\t\t\t\t\t<div class=\"elementor-container elementor-column-gap-default\">\n\t\t\t\t\t<div class=\"aux-parallax-section elementor-column elementor-col-33 elementor-top-column elementor-element elementor-element-580fa25\" data-id=\"580fa25\" data-element_type=\"column\" data-e-type=\"column\">\n\t\t\t<div class=\"elementor-widget-wrap\">\n\t\t\t\t\t\t\t<\/div>\n\t\t<\/div>\n\t\t\t\t<div class=\"aux-parallax-section elementor-column elementor-col-33 elementor-top-column elementor-element elementor-element-4277123\" data-id=\"4277123\" data-element_type=\"column\" data-e-type=\"column\">\n\t\t\t<div class=\"elementor-widget-wrap elementor-element-populated\">\n\t\t\t\t\t\t<div class=\"elementor-element elementor-element-1c0093b elementor-widget elementor-widget-text-editor\" data-id=\"1c0093b\" data-element_type=\"widget\" data-e-type=\"widget\" data-widget_type=\"text-editor.default\">\n\t\t\t\t<div class=\"elementor-widget-container\">\n\t\t\t\t\t\t\t\t\t<p>Bestellungen innerhalb der Europ\u00e4ischen Union werden \u2013 sofern die Ware vorr\u00e4tig ist \u2013 <span data-start=\"476\" data-end=\"506\">innerhalb von 10 Werktagen<\/span> nach Auftragsbest\u00e4tigung durch das Unternehmen per Kurier an die vom Kunden angegebene Adresse versendet.<br data-start=\"612\" data-end=\"615\" \/>Der Kunde ist verpflichtet, das Paket bei Erhalt auf <span data-start=\"668\" data-end=\"697\">\u00e4u\u00dferliche Besch\u00e4digungen<\/span> zu \u00fcberpr\u00fcfen. Im Falle sichtbarer Besch\u00e4digungen oder Anzeichen eines Eingriffs in die Verpackung ist vom Zusteller ein <span data-start=\"819\" data-end=\"840\">Schadensprotokoll<\/span> anzufertigen. Dieses Protokoll, zusammen mit der Reklamation, erleichtert die Bearbeitung eventueller Anspr\u00fcche gegen\u00fcber dem Versanddienstleister.<br \/><br \/>Die Versandkosten innerhalb der EU tr\u00e4gt das Unternehmen, sofern der Nettobestellwert 199 EUR \u00fcbersteigt Bei Bestellungen unter 199 EUR netto tr\u00e4gt der Kunde die Versandkosten in H\u00f6he von 6,90 EUR, die der Rechnung automatisch hinzugef\u00fcgt werden.<\/p>\t\t\t\t\t\t\t\t<\/div>\n\t\t\t\t<\/div>\n\t\t\t\t\t<\/div>\n\t\t<\/div>\n\t\t\t\t<div class=\"aux-parallax-section elementor-column elementor-col-33 elementor-top-column elementor-element elementor-element-c1eb06d\" data-id=\"c1eb06d\" data-element_type=\"column\" data-e-type=\"column\">\n\t\t\t<div class=\"elementor-widget-wrap\">\n\t\t\t\t\t\t\t<\/div>\n\t\t<\/div>\n\t\t\t\t\t<\/div>\n\t\t<\/section>\n\t\t\t\t<\/div>\n\t\t","protected":false},"excerpt":{"rendered":"<p>Bestellungen innerhalb der Europ\u00e4ischen Union werden \u2013 sofern die Ware vorr\u00e4tig ist \u2013 innerhalb von 10 Werktagen nach Auftragsbest\u00e4tigung durch das Unternehmen per Kurier an die vom Kunden angegebene Adresse versendet.Der Kunde ist verpflichtet, das Paket bei Erhalt auf \u00e4u\u00dferliche Besch\u00e4digungen zu \u00fcberpr\u00fcfen. Im Falle sichtbarer Besch\u00e4digungen oder Anzeichen eines Eingriffs in die Verpackung ist [&hellip;]<\/p>\n","protected":false},"author":1,"featured_media":0,"parent":0,"menu_order":0,"comment_status":"closed","ping_status":"closed","template":"","meta":{"_acf_changed":false,"footnotes":""},"class_list":["post-4886","page","type-page","status-publish","hentry"],"acf":[],"_links":{"self":[{"href":"https:\/\/immersafe.de\/shop\/wp-json\/wp\/v2\/pages\/4886","targetHints":{"allow":["GET"]}}],"collection":[{"href":"https:\/\/immersafe.de\/shop\/wp-json\/wp\/v2\/pages"}],"about":[{"href":"https:\/\/immersafe.de\/shop\/wp-json\/wp\/v2\/types\/page"}],"author":[{"embeddable":true,"href":"https:\/\/immersafe.de\/shop\/wp-json\/wp\/v2\/users\/1"}],"replies":[{"embeddable":true,"href":"https:\/\/immersafe.de\/shop\/wp-json\/wp\/v2\/comments?post=4886"}],"version-history":[{"count":16,"href":"https:\/\/immersafe.de\/shop\/wp-json\/wp\/v2\/pages\/4886\/revisions"}],"predecessor-version":[{"id":7639,"href":"https:\/\/immersafe.de\/shop\/wp-json\/wp\/v2\/pages\/4886\/revisions\/7639"}],"wp:attachment":[{"href":"https:\/\/immersafe.de\/shop\/wp-json\/wp\/v2\/media?parent=4886"}],"curies":[{"name":"wp","href":"https:\/\/api.w.org\/{rel}","templated":true}]}}