{"id":1113,"date":"2020-10-19T07:12:22","date_gmt":"2020-10-19T07:12:22","guid":{"rendered":"https:\/\/shop.immersafe.de\/?post_type=product&#038;p=1113"},"modified":"2025-10-10T11:34:49","modified_gmt":"2025-10-10T11:34:49","slug":"secure-bag-260x350-mm-b4-transparent","status":"publish","type":"product","link":"https:\/\/immersafe.de\/shop\/secure-bag-260x350-mm-b4-transparent\/","title":{"rendered":"Secure Bag 260&#215;350 mm (B4) \u2013 transparent"},"content":{"rendered":"\t\t<div data-elementor-type=\"wp-post\" data-elementor-id=\"1113\" class=\"elementor elementor-1113\">\n\t\t\t\t\t\t<section class=\"elementor-section elementor-top-section elementor-element elementor-element-15b33cb9 elementor-section-boxed elementor-section-height-default elementor-section-height-default\" data-id=\"15b33cb9\" data-element_type=\"section\" data-e-type=\"section\">\n\t\t\t\t\t\t<div class=\"elementor-container elementor-column-gap-default\">\n\t\t\t\t\t<div class=\"aux-parallax-section elementor-column elementor-col-100 elementor-top-column elementor-element elementor-element-60056b27\" data-id=\"60056b27\" data-element_type=\"column\" data-e-type=\"column\">\n\t\t\t<div class=\"elementor-widget-wrap elementor-element-populated\">\n\t\t\t\t\t\t<div class=\"elementor-element elementor-element-79ae641c elementor-widget elementor-widget-text-editor\" data-id=\"79ae641c\" data-element_type=\"widget\" data-e-type=\"widget\" data-widget_type=\"text-editor.default\">\n\t\t\t\t<div class=\"elementor-widget-container\">\n\t\t\t\t\t\t\t\t\t<p>Die Siegelbeutel (auch als Sicherheitsumschl\u00e4ge oder Sicherheitstaschen bekannt) eignen sich f\u00fcr den Versand und die Aufbewahrung wertvoller G\u00fcter. Durch die Verwendung von Siegelbeuteln wird eine Diskussion mit Kunden oder Beh\u00f6rden vermieden.<\/p>\n<p>Der Siegelbeutel eignet sich hervorragend zum sicheren Aufbewahren oder Versenden von Geld, Dokumenten und wichtigen Gegenst\u00e4nden.<\/p>\n<p>Sobald der Beutel verschlossen \/ versiegelt ist, ist es unm\u00f6glich, ihn ungesehen zu \u00f6ffnen und wieder zu schlie\u00dfen. Der Klebestreifen ist mit Sicherheitsband versehen, das nach dem \u00d6ffnen eine VOID-Nachricht anzeigt. Die anderen Seiten sind mit doppelten Schwei\u00dfn\u00e4hten und einem Druck versehen.<\/p>\n<p>Auf allen unseren Siegelbeuteln befindet sich eine eindeutige fortlaufende Nummer mit Barcode.<\/p>\n<p><b>TECHNISCHE DATEN:<br><\/b>&#8211; Farbe: Transparent<br>&#8211; Ma\u00dfe: 260&#215;350 mm<br>&#8211; Material: Polyethylen<br>&#8211; St\u00e4rke: 60 Mikrometer<\/p>\t\t\t\t\t\t\t\t<\/div>\n\t\t\t\t<\/div>\n\t\t\t\t\t<\/div>\n\t\t<\/div>\n\t\t\t\t\t<\/div>\n\t\t<\/section>\n\t\t\t\t<\/div>\n\t\t","protected":false},"excerpt":{"rendered":"<p>Sicherheitstaschen dienen der sicheren Aufbewahrung und dem Transport von Bargeld, wertvollen Gegenst\u00e4nden (z. B. Schmuckpreziosen), vertraulichen Dokumenten sowie Materialproben.<\/p>\n","protected":false},"featured_media":2035,"template":"","meta":{"_acf_changed":false},"product_brand":[],"product_cat":[143,23,144],"product_tag":[],"class_list":{"0":"post-1113","1":"product","2":"type-product","3":"status-publish","4":"has-post-thumbnail","6":"product_cat-secure-bag","7":"product_cat-sicherheitstaschen","8":"product_cat-sicherheitsumschlag","10":"first","11":"instock","12":"taxable","13":"shipping-taxable","14":"purchasable","15":"product-type-simple"},"acf":[],"tiered_pricing_type":"fixed","tiered_pricing_fixed_rules":[],"tiered_pricing_product_settings":{"layout":"default","base_unit_name":{"singular":null,"plural":null},"default_variation":null},"tiered_pricing_minimum_quantity":null,"tiered_pricing_roles_data":[],"tiered_pricing_percentage_rules":[],"_links":{"self":[{"href":"https:\/\/immersafe.de\/shop\/wp-json\/wp\/v2\/product\/1113","targetHints":{"allow":["GET"]}}],"collection":[{"href":"https:\/\/immersafe.de\/shop\/wp-json\/wp\/v2\/product"}],"about":[{"href":"https:\/\/immersafe.de\/shop\/wp-json\/wp\/v2\/types\/product"}],"version-history":[{"count":3,"href":"https:\/\/immersafe.de\/shop\/wp-json\/wp\/v2\/product\/1113\/revisions"}],"predecessor-version":[{"id":6441,"href":"https:\/\/immersafe.de\/shop\/wp-json\/wp\/v2\/product\/1113\/revisions\/6441"}],"wp:featuredmedia":[{"embeddable":true,"href":"https:\/\/immersafe.de\/shop\/wp-json\/wp\/v2\/media\/2035"}],"wp:attachment":[{"href":"https:\/\/immersafe.de\/shop\/wp-json\/wp\/v2\/media?parent=1113"}],"wp:term":[{"taxonomy":"product_brand","embeddable":true,"href":"https:\/\/immersafe.de\/shop\/wp-json\/wp\/v2\/product_brand?post=1113"},{"taxonomy":"product_cat","embeddable":true,"href":"https:\/\/immersafe.de\/shop\/wp-json\/wp\/v2\/product_cat?post=1113"},{"taxonomy":"product_tag","embeddable":true,"href":"https:\/\/immersafe.de\/shop\/wp-json\/wp\/v2\/product_tag?post=1113"}],"curies":[{"name":"wp","href":"https:\/\/api.w.org\/{rel}","templated":true}]}}