{"id":1661,"date":"2021-10-01T15:03:15","date_gmt":"2021-10-01T15:03:15","guid":{"rendered":"https:\/\/shop.immersafe.de\/?post_type=product&#038;p=1661"},"modified":"2025-10-10T11:29:37","modified_gmt":"2025-10-10T11:29:37","slug":"leakprooftaschen-un3373-165x265-mm-mit-beutel","status":"publish","type":"product","link":"https:\/\/immersafe.de\/shop\/leakprooftaschen-un3373-165x265-mm-mit-beutel\/","title":{"rendered":"Leakprooftaschen UN3373 165&#215;265 mm (mit Beutel)"},"content":{"rendered":"\t\t<div data-elementor-type=\"wp-post\" data-elementor-id=\"1661\" class=\"elementor elementor-1661\">\n\t\t\t\t\t\t<section class=\"elementor-section elementor-top-section elementor-element elementor-element-329a2af2 elementor-section-boxed elementor-section-height-default elementor-section-height-default\" data-id=\"329a2af2\" data-element_type=\"section\" data-e-type=\"section\">\n\t\t\t\t\t\t<div class=\"elementor-container elementor-column-gap-default\">\n\t\t\t\t\t<div class=\"aux-parallax-section elementor-column elementor-col-100 elementor-top-column elementor-element elementor-element-654f8db4\" data-id=\"654f8db4\" data-element_type=\"column\" data-e-type=\"column\">\n\t\t\t<div class=\"elementor-widget-wrap elementor-element-populated\">\n\t\t\t\t\t\t<div class=\"elementor-element elementor-element-3c84abcc elementor-widget elementor-widget-text-editor\" data-id=\"3c84abcc\" data-element_type=\"widget\" data-e-type=\"widget\" data-widget_type=\"text-editor.default\">\n\t\t\t\t<div class=\"elementor-widget-container\">\n\t\t\t\t\t\t\t\t\t<p>Unsere auslaufsicheren Secure Bags wurden speziell f\u00fcr den Versand von biologischen Proben wie Blutproben und Testmustern entwickelt. Durch das besondere Design sind sie zu 100% auslaufsicher f\u00fcr Fl\u00fcssigkeiten.<br><br>Diese Secure Bags sind auslaufsicher, entsprechen der ADR-Regulierung und tragen das UN3373-Logo.<br><br>Der auslaufsichere Secure Bag hat eine Rei\u00dfverschlusslippe, sodass keine Schere oder kein Messer ben\u00f6tigt wird, um ihn zu \u00f6ffnen. Auf der R\u00fcckseite befindet sich eine Tasche, in der die Dokumentation aufbewahrt werden kann.<br><br>Auf diesem auslaufsicheren Secure Bag ist auch eine Anleitung verfasst, damit f\u00fcr den Benutzer klar ist, wie der Beutel benutzt wird. Auf Anfrage k\u00f6nnen wir auch Absorptionsmaterialien liefern, um das Set komplett zu machen.<br><br><b>TECHNISCHE DATEN<br><\/b>Material: LDPE<br>Abmessungen: 165&#215;265 mm<br>St\u00e4rke: 45 Mikrometer<br>Extras: Dokumententasche, Rei\u00dfverschlusslippe zum \u00d6ffnen des Beutels<\/p>\t\t\t\t\t\t\t\t<\/div>\n\t\t\t\t<\/div>\n\t\t\t\t\t<\/div>\n\t\t<\/div>\n\t\t\t\t\t<\/div>\n\t\t<\/section>\n\t\t\t\t<\/div>\n\t\t","protected":false},"excerpt":{"rendered":"<p>Leakprooftaschen UN3373 wurden speziell f\u00fcr den Versand biologischer Proben wie Blutprobenr\u00f6hrchen und Testproben entwickelt.<\/p>\n","protected":false},"featured_media":1812,"template":"","meta":{"_acf_changed":false},"product_brand":[],"product_cat":[140,141,23],"product_tag":[],"class_list":{"0":"post-1661","1":"product","2":"type-product","3":"status-publish","4":"has-post-thumbnail","6":"product_cat-medizinisch","7":"product_cat-medizinischer-umschlag-fuer-biologische-proben","8":"product_cat-sicherheitstaschen","10":"first","11":"onbackorder","12":"taxable","13":"shipping-taxable","14":"purchasable","15":"product-type-simple"},"acf":[],"tiered_pricing_type":"fixed","tiered_pricing_fixed_rules":[],"tiered_pricing_product_settings":{"layout":"default","base_unit_name":{"singular":null,"plural":null},"default_variation":null},"tiered_pricing_minimum_quantity":null,"tiered_pricing_roles_data":[],"tiered_pricing_percentage_rules":[],"_links":{"self":[{"href":"https:\/\/immersafe.de\/shop\/wp-json\/wp\/v2\/product\/1661","targetHints":{"allow":["GET"]}}],"collection":[{"href":"https:\/\/immersafe.de\/shop\/wp-json\/wp\/v2\/product"}],"about":[{"href":"https:\/\/immersafe.de\/shop\/wp-json\/wp\/v2\/types\/product"}],"version-history":[{"count":3,"href":"https:\/\/immersafe.de\/shop\/wp-json\/wp\/v2\/product\/1661\/revisions"}],"predecessor-version":[{"id":6430,"href":"https:\/\/immersafe.de\/shop\/wp-json\/wp\/v2\/product\/1661\/revisions\/6430"}],"wp:featuredmedia":[{"embeddable":true,"href":"https:\/\/immersafe.de\/shop\/wp-json\/wp\/v2\/media\/1812"}],"wp:attachment":[{"href":"https:\/\/immersafe.de\/shop\/wp-json\/wp\/v2\/media?parent=1661"}],"wp:term":[{"taxonomy":"product_brand","embeddable":true,"href":"https:\/\/immersafe.de\/shop\/wp-json\/wp\/v2\/product_brand?post=1661"},{"taxonomy":"product_cat","embeddable":true,"href":"https:\/\/immersafe.de\/shop\/wp-json\/wp\/v2\/product_cat?post=1661"},{"taxonomy":"product_tag","embeddable":true,"href":"https:\/\/immersafe.de\/shop\/wp-json\/wp\/v2\/product_tag?post=1661"}],"curies":[{"name":"wp","href":"https:\/\/api.w.org\/{rel}","templated":true}]}}