{"id":2082,"date":"2022-09-27T16:27:48","date_gmt":"2022-09-27T16:27:48","guid":{"rendered":"https:\/\/shop.immersafe.de\/?post_type=product&#038;p=2082"},"modified":"2025-10-10T11:34:12","modified_gmt":"2025-10-10T11:34:12","slug":"secure-bag-180x255-mm-b5-transparent","status":"publish","type":"product","link":"https:\/\/immersafe.de\/shop\/secure-bag-180x255-mm-b5-transparent\/","title":{"rendered":"Secure Bag 180&#215;255 mm (B5) \u2013 transparent"},"content":{"rendered":"\t\t<div data-elementor-type=\"wp-post\" data-elementor-id=\"2082\" class=\"elementor elementor-2082\">\n\t\t\t\t\t\t<section class=\"elementor-section elementor-top-section elementor-element elementor-element-1354130e elementor-section-boxed elementor-section-height-default elementor-section-height-default\" data-id=\"1354130e\" data-element_type=\"section\" data-e-type=\"section\">\n\t\t\t\t\t\t<div class=\"elementor-container elementor-column-gap-default\">\n\t\t\t\t\t<div class=\"aux-parallax-section elementor-column elementor-col-100 elementor-top-column elementor-element elementor-element-399ee0c3\" data-id=\"399ee0c3\" data-element_type=\"column\" data-e-type=\"column\">\n\t\t\t<div class=\"elementor-widget-wrap elementor-element-populated\">\n\t\t\t\t\t\t<div class=\"elementor-element elementor-element-15fc191e elementor-widget elementor-widget-text-editor\" data-id=\"15fc191e\" data-element_type=\"widget\" data-e-type=\"widget\" data-widget_type=\"text-editor.default\">\n\t\t\t\t<div class=\"elementor-widget-container\">\n\t\t\t\t\t\t\t\t\t<p>Die Seal-Bags (auch als Sicherheitsumschl\u00e4ge oder Security-Bags bezeichnet) sind zum Versenden und Aufbewahren wertvoller G\u00fcter geeignet. Durch die Verwendung von Seal-Bags k\u00f6nnen Diskussionen mit Kunden oder Beh\u00f6rden vermieden werden.<br><br>Die Seal-Bags sind besonders geeignet f\u00fcr das sichere Aufbewahren oder Versenden von Geld, Dokumenten und wichtigen Gegenst\u00e4nden.<br><br>Sobald der Beutel geschlossen\/versiegelt ist, ist es unm\u00f6glich, ihn ungesehen zu \u00f6ffnen und wieder zu schlie\u00dfen. Der Klebestreifen ist mit Sicherheitsband ausgestattet, bei dem nach dem \u00d6ffnen eine VOID-Mitteilung erscheint. Die anderen Seiten sind mit doppelten Schwei\u00dfn\u00e4hten versehen, bei denen auch eine Druckgrafik vorhanden ist.<br><br>Auf allen unseren Seal-Bags befindet sich eine einzigartige aufsteigende Nummer mit Barcode.<br><br><b>TECHNISCHE DATEN:<br><\/b><br>&#8211; Farbe: Transparent<br>&#8211; Gr\u00f6\u00dfe: 180&#215;255 mm<br>&#8211; Material: Polyethylen<br>&#8211; Dicke: 60 Mikron<\/p>\t\t\t\t\t\t\t\t<\/div>\n\t\t\t\t<\/div>\n\t\t\t\t\t<\/div>\n\t\t<\/div>\n\t\t\t\t\t<\/div>\n\t\t<\/section>\n\t\t\t\t<\/div>\n\t\t","protected":false},"excerpt":{"rendered":"<p>Sicherheitstaschen dienen der sicheren Aufbewahrung und dem Transport von Bargeld, wertvollen Gegenst\u00e4nden (z. B. Schmuckpreziosen), vertraulichen Dokumenten sowie Materialproben.<\/p>\n","protected":false},"featured_media":2072,"template":"","meta":{"_acf_changed":false},"product_brand":[],"product_cat":[143,23,144],"product_tag":[],"class_list":{"0":"post-2082","1":"product","2":"type-product","3":"status-publish","4":"has-post-thumbnail","6":"product_cat-secure-bag","7":"product_cat-sicherheitstaschen","8":"product_cat-sicherheitsumschlag","10":"first","11":"instock","12":"taxable","13":"shipping-taxable","14":"purchasable","15":"product-type-simple"},"acf":[],"tiered_pricing_type":"fixed","tiered_pricing_fixed_rules":[],"tiered_pricing_product_settings":{"layout":"default","base_unit_name":{"singular":null,"plural":null},"default_variation":null},"tiered_pricing_minimum_quantity":null,"tiered_pricing_roles_data":[],"tiered_pricing_percentage_rules":[],"_links":{"self":[{"href":"https:\/\/immersafe.de\/shop\/wp-json\/wp\/v2\/product\/2082","targetHints":{"allow":["GET"]}}],"collection":[{"href":"https:\/\/immersafe.de\/shop\/wp-json\/wp\/v2\/product"}],"about":[{"href":"https:\/\/immersafe.de\/shop\/wp-json\/wp\/v2\/types\/product"}],"version-history":[{"count":3,"href":"https:\/\/immersafe.de\/shop\/wp-json\/wp\/v2\/product\/2082\/revisions"}],"predecessor-version":[{"id":6439,"href":"https:\/\/immersafe.de\/shop\/wp-json\/wp\/v2\/product\/2082\/revisions\/6439"}],"wp:featuredmedia":[{"embeddable":true,"href":"https:\/\/immersafe.de\/shop\/wp-json\/wp\/v2\/media\/2072"}],"wp:attachment":[{"href":"https:\/\/immersafe.de\/shop\/wp-json\/wp\/v2\/media?parent=2082"}],"wp:term":[{"taxonomy":"product_brand","embeddable":true,"href":"https:\/\/immersafe.de\/shop\/wp-json\/wp\/v2\/product_brand?post=2082"},{"taxonomy":"product_cat","embeddable":true,"href":"https:\/\/immersafe.de\/shop\/wp-json\/wp\/v2\/product_cat?post=2082"},{"taxonomy":"product_tag","embeddable":true,"href":"https:\/\/immersafe.de\/shop\/wp-json\/wp\/v2\/product_tag?post=2082"}],"curies":[{"name":"wp","href":"https:\/\/api.w.org\/{rel}","templated":true}]}}