{"id":57,"date":"2018-11-27T09:32:50","date_gmt":"2018-11-27T09:32:50","guid":{"rendered":"http:\/\/demo.accesspressthemes.com\/store-mart-lite\/?post_type=product&#038;p=57"},"modified":"2025-08-11T12:47:30","modified_gmt":"2025-08-11T12:47:30","slug":"stapelsackpistole-fuer-stausaecke","status":"publish","type":"product","link":"https:\/\/immersafe.de\/shop\/stapelsackpistole-fuer-stausaecke\/","title":{"rendered":"Stapelsackpistole f\u00fcr Staus\u00e4cke"},"content":{"rendered":"\t\t<div data-elementor-type=\"wp-post\" data-elementor-id=\"57\" class=\"elementor elementor-57\">\n\t\t\t\t\t\t<section class=\"elementor-section elementor-top-section elementor-element elementor-element-16988226 elementor-section-boxed elementor-section-height-default elementor-section-height-default\" data-id=\"16988226\" data-element_type=\"section\" data-e-type=\"section\">\n\t\t\t\t\t\t<div class=\"elementor-container elementor-column-gap-default\">\n\t\t\t\t\t<div class=\"aux-parallax-section elementor-column elementor-col-100 elementor-top-column elementor-element elementor-element-27fb3cd7\" data-id=\"27fb3cd7\" data-element_type=\"column\" data-e-type=\"column\">\n\t\t\t<div class=\"elementor-widget-wrap elementor-element-populated\">\n\t\t\t\t\t\t<div class=\"elementor-element elementor-element-1a294743 elementor-widget elementor-widget-text-editor\" data-id=\"1a294743\" data-element_type=\"widget\" data-e-type=\"widget\" data-widget_type=\"text-editor.default\">\n\t\t\t\t<div class=\"elementor-widget-container\">\n\t\t\t\t\t\t\t\t\tUnsere Airbag-Pistole kann zum Bef\u00fcllen unserer Airbags verwendet werden. Die Pistole ist mit einem Kupplungsst\u00fcck ausgestattet, um sie einfach an den Schlauch des Kompressors anschlie\u00dfen zu k\u00f6nnen.\t\t\t\t\t\t\t\t<\/div>\n\t\t\t\t<\/div>\n\t\t\t\t\t<\/div>\n\t\t<\/div>\n\t\t\t\t\t<\/div>\n\t\t<\/section>\n\t\t\t\t<\/div>\n\t\t","protected":false},"excerpt":{"rendered":"<p>Unsere Airbag-Pistole kann zum Bef\u00fcllen unserer Airbags verwendet werden. Die Pistole ist mit einem Kupplungsst\u00fcck ausgestattet, um sie einfach an den Schlauch des Kompressors anschlie\u00dfen zu k\u00f6nnen.<\/p>\n","protected":false},"featured_media":1074,"template":"","meta":{"_acf_changed":false,"postBodyCss":"","postBodyMargin":[],"postBodyPadding":[],"postBodyBackground":{"backgroundType":"classic","gradient":""}},"product_brand":[],"product_cat":[147,107,104,238,148,71,168],"product_tag":[],"class_list":{"0":"post-57","1":"product","2":"type-product","3":"status-publish","4":"has-post-thumbnail","6":"product_cat-dunnage-bags","7":"product_cat-lkw-und-schifffahrt","8":"product_cat-loesungen-fuer-container-in-flugzeugen","9":"product_cat-spezialprodukte","10":"product_cat-staubags","11":"product_cat-transportsicherung","12":"product_cat-werkzeug","14":"first","15":"instock","16":"taxable","17":"shipping-taxable","18":"purchasable","19":"product-type-simple"},"acf":[],"tiered_pricing_type":"fixed","tiered_pricing_fixed_rules":[],"tiered_pricing_product_settings":{"layout":"default","base_unit_name":{"singular":null,"plural":null},"default_variation":null},"tiered_pricing_minimum_quantity":null,"tiered_pricing_roles_data":[],"tiered_pricing_percentage_rules":[],"_links":{"self":[{"href":"https:\/\/immersafe.de\/shop\/wp-json\/wp\/v2\/product\/57","targetHints":{"allow":["GET"]}}],"collection":[{"href":"https:\/\/immersafe.de\/shop\/wp-json\/wp\/v2\/product"}],"about":[{"href":"https:\/\/immersafe.de\/shop\/wp-json\/wp\/v2\/types\/product"}],"version-history":[{"count":2,"href":"https:\/\/immersafe.de\/shop\/wp-json\/wp\/v2\/product\/57\/revisions"}],"predecessor-version":[{"id":5398,"href":"https:\/\/immersafe.de\/shop\/wp-json\/wp\/v2\/product\/57\/revisions\/5398"}],"wp:featuredmedia":[{"embeddable":true,"href":"https:\/\/immersafe.de\/shop\/wp-json\/wp\/v2\/media\/1074"}],"wp:attachment":[{"href":"https:\/\/immersafe.de\/shop\/wp-json\/wp\/v2\/media?parent=57"}],"wp:term":[{"taxonomy":"product_brand","embeddable":true,"href":"https:\/\/immersafe.de\/shop\/wp-json\/wp\/v2\/product_brand?post=57"},{"taxonomy":"product_cat","embeddable":true,"href":"https:\/\/immersafe.de\/shop\/wp-json\/wp\/v2\/product_cat?post=57"},{"taxonomy":"product_tag","embeddable":true,"href":"https:\/\/immersafe.de\/shop\/wp-json\/wp\/v2\/product_tag?post=57"}],"curies":[{"name":"wp","href":"https:\/\/api.w.org\/{rel}","templated":true}]}}