{"id":8176,"date":"2026-04-29T11:52:37","date_gmt":"2026-04-29T11:52:37","guid":{"rendered":"https:\/\/immersafe.de\/shop\/?post_type=product&#038;p=8176"},"modified":"2026-04-29T13:21:34","modified_gmt":"2026-04-29T13:21:34","slug":"temp9","status":"publish","type":"product","link":"https:\/\/immersafe.de\/shop\/temp9\/","title":{"rendered":"Temp9"},"content":{"rendered":"\t\t<div data-elementor-type=\"wp-post\" data-elementor-id=\"8176\" class=\"elementor elementor-8176\">\n\t\t\t\t\t\t<section class=\"elementor-section elementor-top-section elementor-element elementor-element-5abc2c5b elementor-section-boxed elementor-section-height-default elementor-section-height-default\" data-id=\"5abc2c5b\" data-element_type=\"section\" data-e-type=\"section\">\n\t\t\t\t\t\t<div class=\"elementor-container elementor-column-gap-default\">\n\t\t\t\t\t<div class=\"aux-parallax-section elementor-column elementor-col-100 elementor-top-column elementor-element elementor-element-dfe5737\" data-id=\"dfe5737\" data-element_type=\"column\" data-e-type=\"column\">\n\t\t\t<div class=\"elementor-widget-wrap elementor-element-populated\">\n\t\t\t\t\t\t<div class=\"elementor-element elementor-element-4673aff4 elementor-widget elementor-widget-text-editor\" data-id=\"4673aff4\" data-element_type=\"widget\" data-e-type=\"widget\" data-widget_type=\"text-editor.default\">\n\t\t\t\t<div class=\"elementor-widget-container\">\n\t\t\t\t\t\t\t\t\t<h2 data-section-id=\"po0gsd\" data-start=\"80\" data-end=\"175\"><span role=\"text\"><strong data-start=\"83\" data-end=\"175\">Temp9 Temperatur-Datenlogger \u2013 Zuverl\u00e4ssige K\u00e4lteketten\u00fcberwachung zum attraktiven Preis<\/strong><\/span><\/h2><p data-start=\"177\" data-end=\"497\">Der Temp9 ist die ideale L\u00f6sung f\u00fcr alle, die eine zuverl\u00e4ssige Temperaturaufzeichnung zu einem attraktiven Preis suchen. Dank des neuesten Upgrades verf\u00fcgt dieser kosteneffiziente Temperatur-Datenlogger \u00fcber ein gut ablesbares LCD-Display sowie einen zus\u00e4tzlichen Schutz nach IP67 durch eine wasserdichte Schutzh\u00fclle.<\/p><p data-start=\"499\" data-end=\"728\">Damit ist der Temp9 nahezu gleichwertig mit dem Temp8, bietet jedoch eine einfachere Konfiguration und verzichtet auf eine IATA-Zertifizierung. Perfekt geeignet f\u00fcr den Transport und die Lagerung temperaturempfindlicher Produkte.<\/p>\t\t\t\t\t\t\t\t<\/div>\n\t\t\t\t<\/div>\n\t\t\t\t<section class=\"elementor-section elementor-inner-section elementor-element elementor-element-d2b1eaf elementor-section-boxed elementor-section-height-default elementor-section-height-default\" data-id=\"d2b1eaf\" data-element_type=\"section\" data-e-type=\"section\">\n\t\t\t\t\t\t<div class=\"elementor-container elementor-column-gap-default\">\n\t\t\t\t\t<div class=\"aux-parallax-section elementor-column elementor-col-50 elementor-inner-column elementor-element elementor-element-c76271e\" data-id=\"c76271e\" data-element_type=\"column\" data-e-type=\"column\">\n\t\t\t<div class=\"elementor-widget-wrap elementor-element-populated\">\n\t\t\t\t\t\t<div class=\"elementor-element elementor-element-427e5d5 elementor-widget elementor-widget-text-editor\" data-id=\"427e5d5\" data-element_type=\"widget\" data-e-type=\"widget\" data-widget_type=\"text-editor.default\">\n\t\t\t\t<div class=\"elementor-widget-container\">\n\t\t\t\t\t\t\t\t\t<hr data-start=\"730\" data-end=\"733\" \/><h3 data-section-id=\"xxonah\" data-start=\"735\" data-end=\"755\"><span role=\"text\"><strong data-start=\"738\" data-end=\"755\">Hauptmerkmale<\/strong><\/span><\/h3><ul data-start=\"757\" data-end=\"1448\"><li data-section-id=\"10mtuia\" data-start=\"757\" data-end=\"799\"><strong data-start=\"759\" data-end=\"781\">Temperaturbereich:<\/strong> -30\u00b0C bis +60\u00b0C<\/li><li data-section-id=\"uxv9y4\" data-start=\"800\" data-end=\"869\"><strong data-start=\"802\" data-end=\"818\">Genauigkeit:<\/strong> \u00b10,5\u00b0C (-20\u00b0C bis +40\u00b0C), \u00b11\u00b0C (\u00fcbriger Bereich)<\/li><li data-section-id=\"17g23d7\" data-start=\"870\" data-end=\"894\"><strong data-start=\"872\" data-end=\"886\">Aufl\u00f6sung:<\/strong> 0,1\u00b0C<\/li><li data-section-id=\"15g1ex7\" data-start=\"895\" data-end=\"938\"><strong data-start=\"897\" data-end=\"919\">Speicherkapazit\u00e4t:<\/strong> 32.000 Messwerte<\/li><li data-section-id=\"11v6aph\" data-start=\"939\" data-end=\"1002\"><strong data-start=\"941\" data-end=\"957\">LCD-Display:<\/strong> Echtzeit-Anzeige von Temperatur und Status<\/li><li data-section-id=\"fm20rt\" data-start=\"1003\" data-end=\"1054\"><strong data-start=\"1005\" data-end=\"1019\">Messdauer:<\/strong> bis zu 210 Tage nach Aktivierung<\/li><li data-section-id=\"1sii5k7\" data-start=\"1055\" data-end=\"1095\"><strong data-start=\"1057\" data-end=\"1078\">Batterielaufzeit:<\/strong> bis zu 2 Jahre<\/li><li data-section-id=\"1lwf5bd\" data-start=\"1096\" data-end=\"1152\"><strong data-start=\"1098\" data-end=\"1114\">Startoption:<\/strong> einfache Aktivierung per Knopfdruck<\/li><li data-section-id=\"st990z\" data-start=\"1153\" data-end=\"1221\"><strong data-start=\"1155\" data-end=\"1173\">Alarmfunktion:<\/strong> voreingestellte Grenzwerte <br \/>(&lt; 2\u00b0C oder &gt; 8\u00b0C)<\/li><li data-section-id=\"95mxq0\" data-start=\"1222\" data-end=\"1279\"><strong data-start=\"1224\" data-end=\"1241\">Schutzklasse:<\/strong> IP67 \u2013 wasserdicht dank Schutzh\u00fclle<\/li><li data-section-id=\"1ebi49r\" data-start=\"1280\" data-end=\"1392\"><strong data-start=\"1282\" data-end=\"1304\">Berichterstellung:<\/strong> automatische PDF- und CSV-Berichte via USB <br \/>(Plug &amp; Play, keine Software erforderlich)<\/li><li data-section-id=\"1tbqnsd\" data-start=\"1393\" data-end=\"1448\"><strong data-start=\"1395\" data-end=\"1421\">Abmessungen &amp; Gewicht:<\/strong> <br \/>106 \u00d7 55 \u00d7 7,3 mm | 20 g<\/li><\/ul>\t\t\t\t\t\t\t\t<\/div>\n\t\t\t\t<\/div>\n\t\t\t\t\t<\/div>\n\t\t<\/div>\n\t\t\t\t<div class=\"aux-parallax-section elementor-column elementor-col-50 elementor-inner-column elementor-element elementor-element-3466b12\" data-id=\"3466b12\" data-element_type=\"column\" data-e-type=\"column\">\n\t\t\t<div class=\"elementor-widget-wrap elementor-element-populated\">\n\t\t\t\t\t\t<div class=\"elementor-element elementor-element-5ac8bdc elementor-widget elementor-widget-text-editor\" data-id=\"5ac8bdc\" data-element_type=\"widget\" data-e-type=\"widget\" data-widget_type=\"text-editor.default\">\n\t\t\t\t<div class=\"elementor-widget-container\">\n\t\t\t\t\t\t\t\t\t<h3 data-section-id=\"110hyfi\" data-start=\"1455\" data-end=\"1497\"><span role=\"text\"><strong data-start=\"1458\" data-end=\"1497\">Warum den Temp9 Datenlogger w\u00e4hlen?<\/strong><\/span><\/h3><ul data-start=\"1499\" data-end=\"1885\"><li data-section-id=\"m5xdj4\" data-start=\"1499\" data-end=\"1581\"><strong data-start=\"1501\" data-end=\"1537\">Kosteneffizient und zuverl\u00e4ssig:<\/strong> hervorragendes Preis-Leistungs-Verh\u00e4ltnis<\/li><li data-section-id=\"sim7a8\" data-start=\"1582\" data-end=\"1644\"><strong data-start=\"1584\" data-end=\"1600\">LCD-Display:<\/strong> direkte Anzeige von Status und Temperatur<\/li><li data-section-id=\"15iyl80\" data-start=\"1645\" data-end=\"1725\"><strong data-start=\"1647\" data-end=\"1672\">Wasserdichter Schutz:<\/strong> IP67-Klassifizierung f\u00fcr anspruchsvolle Umgebungen<\/li><li data-section-id=\"11yclh2\" data-start=\"1726\" data-end=\"1803\"><strong data-start=\"1728\" data-end=\"1751\">Lange Einsatzdauer:<\/strong> bis zu 210 Tage Messzeit, Batterie bis zu 2 Jahre<\/li><li data-section-id=\"1q70btj\" data-start=\"1804\" data-end=\"1885\"><strong data-start=\"1806\" data-end=\"1829\">Benutzerfreundlich:<\/strong> einfache Bedienung und automatische Berichterstellung<\/li><\/ul>\t\t\t\t\t\t\t\t<\/div>\n\t\t\t\t<\/div>\n\t\t\t\t<div class=\"elementor-element elementor-element-e5d483a elementor-widget elementor-widget-text-editor\" data-id=\"e5d483a\" data-element_type=\"widget\" data-e-type=\"widget\" data-widget_type=\"text-editor.default\">\n\t\t\t\t<div class=\"elementor-widget-container\">\n\t\t\t\t\t\t\t\t\t<h3 data-section-id=\"r2tane\" data-start=\"1892\" data-end=\"1917\"><span role=\"text\"><strong data-start=\"1895\" data-end=\"1917\">Anwendungsbereiche<\/strong><\/span><\/h3><ul data-start=\"1919\" data-end=\"2262\"><li data-section-id=\"17cjwxk\" data-start=\"1919\" data-end=\"1993\"><strong data-start=\"1921\" data-end=\"1947\">Lebensmittelindustrie:<\/strong> \u00dcberwachung von K\u00fchl- und Tiefk\u00fchlprodukten<\/li><li data-section-id=\"kzolkh\" data-start=\"1994\" data-end=\"2078\"><strong data-start=\"1996\" data-end=\"2027\">Pharmazeutischer Transport:<\/strong> Impfstoffe und Medikamente gem\u00e4\u00df GDP-Richtlinien<\/li><li data-section-id=\"1qhyhe1\" data-start=\"2079\" data-end=\"2145\"><strong data-start=\"2081\" data-end=\"2105\">Chemische Industrie:<\/strong> Schutz temperaturempfindlicher Stoffe<\/li><li data-section-id=\"c8whbx\" data-start=\"2146\" data-end=\"2213\"><strong data-start=\"2148\" data-end=\"2161\">Logistik:<\/strong> Container, K\u00fchlfahrzeuge und Distributionszentren<\/li><li data-section-id=\"tvlmhg\" data-start=\"2214\" data-end=\"2262\"><strong data-start=\"2216\" data-end=\"2227\">Labore:<\/strong> Qualit\u00e4tskontrolle und Forschung<\/li><\/ul>\t\t\t\t\t\t\t\t<\/div>\n\t\t\t\t<\/div>\n\t\t\t\t\t<\/div>\n\t\t<\/div>\n\t\t\t\t\t<\/div>\n\t\t<\/section>\n\t\t\t\t<div class=\"elementor-element elementor-element-5b11f89 elementor-widget elementor-widget-text-editor\" data-id=\"5b11f89\" data-element_type=\"widget\" data-e-type=\"widget\" data-widget_type=\"text-editor.default\">\n\t\t\t\t<div class=\"elementor-widget-container\">\n\t\t\t\t\t\t\t\t\t<h3 data-section-id=\"1i4vpap\" data-start=\"2269\" data-end=\"2290\"><span role=\"text\"><strong data-start=\"2272\" data-end=\"2290\">Funktionsweise<\/strong><\/span><\/h3><p data-start=\"2292\" data-end=\"2585\">Aktivieren Sie den Logger mit nur einem Knopfdruck. W\u00e4hrend des Betriebs zeigt das LCD-Display die aktuelle Temperatur sowie den Ger\u00e4testatus an. Nach Abschluss schlie\u00dfen Sie den Logger einfach per USB an \u2013 die PDF- und CSV-Berichte werden automatisch erstellt, ganz ohne zus\u00e4tzliche Software.<\/p><ul data-start=\"2587\" data-end=\"2792\"><li data-section-id=\"1vgxmet\" data-start=\"2587\" data-end=\"2652\"><strong data-start=\"2589\" data-end=\"2622\">3 Sekunden Starttaste dr\u00fccken<\/strong>, um das Ger\u00e4t zu aktivieren<\/li><li data-section-id=\"1rxp5hl\" data-start=\"2653\" data-end=\"2722\"><strong data-start=\"2655\" data-end=\"2688\">3 Sekunden Stopptaste dr\u00fccken<\/strong>, um die Aufzeichnung zu beenden<\/li><li data-section-id=\"9d7zyk\" data-start=\"2723\" data-end=\"2792\"><strong data-start=\"2725\" data-end=\"2754\">Einmal kurz Start dr\u00fccken<\/strong>, um die aktuelle Messung anzuzeigen<\/li><\/ul>\t\t\t\t\t\t\t\t<\/div>\n\t\t\t\t<\/div>\n\t\t\t\t\t<\/div>\n\t\t<\/div>\n\t\t\t\t\t<\/div>\n\t\t<\/section>\n\t\t\t\t<\/div>\n\t\t","protected":false},"excerpt":{"rendered":"<p>Temp9 Temperatur-Datenlogger \u2013 Zuverl\u00e4ssige K\u00e4lteketten\u00fcberwachung zum attraktiven Preis Der Temp9 ist die ideale L\u00f6sung f\u00fcr alle, die eine zuverl\u00e4ssige Temperaturaufzeichnung zu einem attraktiven Preis suchen. Dank des neuesten Upgrades verf\u00fcgt dieser kosteneffiziente Temperatur-Datenlogger \u00fcber ein gut ablesbares LCD-Display sowie einen zus\u00e4tzlichen Schutz nach IP67 durch eine wasserdichte Schutzh\u00fclle. Damit ist der Temp9 nahezu gleichwertig mit [&hellip;]<\/p>\n","protected":false},"featured_media":8172,"template":"","meta":{"_acf_changed":false,"postBodyCss":"","postBodyMargin":[],"postBodyPadding":[],"postBodyBackground":{"backgroundType":"classic","gradient":""}},"product_brand":[],"product_cat":[259,238,176],"product_tag":[],"class_list":{"0":"post-8176","1":"product","2":"type-product","3":"status-publish","4":"has-post-thumbnail","6":"product_cat-indikatoren","7":"product_cat-spezialprodukte","8":"product_cat-temperatur-datenlogger","10":"first","11":"instock","12":"taxable","13":"shipping-taxable","14":"purchasable","15":"product-type-simple"},"acf":[],"tiered_pricing_type":"fixed","tiered_pricing_fixed_rules":[],"tiered_pricing_product_settings":{"layout":"default","base_unit_name":{"singular":null,"plural":null},"default_variation":null},"tiered_pricing_minimum_quantity":null,"tiered_pricing_roles_data":[],"tiered_pricing_percentage_rules":[],"_links":{"self":[{"href":"https:\/\/immersafe.de\/shop\/wp-json\/wp\/v2\/product\/8176","targetHints":{"allow":["GET"]}}],"collection":[{"href":"https:\/\/immersafe.de\/shop\/wp-json\/wp\/v2\/product"}],"about":[{"href":"https:\/\/immersafe.de\/shop\/wp-json\/wp\/v2\/types\/product"}],"version-history":[{"count":8,"href":"https:\/\/immersafe.de\/shop\/wp-json\/wp\/v2\/product\/8176\/revisions"}],"predecessor-version":[{"id":8215,"href":"https:\/\/immersafe.de\/shop\/wp-json\/wp\/v2\/product\/8176\/revisions\/8215"}],"wp:featuredmedia":[{"embeddable":true,"href":"https:\/\/immersafe.de\/shop\/wp-json\/wp\/v2\/media\/8172"}],"wp:attachment":[{"href":"https:\/\/immersafe.de\/shop\/wp-json\/wp\/v2\/media?parent=8176"}],"wp:term":[{"taxonomy":"product_brand","embeddable":true,"href":"https:\/\/immersafe.de\/shop\/wp-json\/wp\/v2\/product_brand?post=8176"},{"taxonomy":"product_cat","embeddable":true,"href":"https:\/\/immersafe.de\/shop\/wp-json\/wp\/v2\/product_cat?post=8176"},{"taxonomy":"product_tag","embeddable":true,"href":"https:\/\/immersafe.de\/shop\/wp-json\/wp\/v2\/product_tag?post=8176"}],"curies":[{"name":"wp","href":"https:\/\/api.w.org\/{rel}","templated":true}]}}