{"id":8180,"date":"2026-04-29T12:02:14","date_gmt":"2026-04-29T12:02:14","guid":{"rendered":"https:\/\/immersafe.de\/shop\/?post_type=product&#038;p=8180"},"modified":"2026-04-29T13:15:35","modified_gmt":"2026-04-29T13:15:35","slug":"temp8","status":"publish","type":"product","link":"https:\/\/immersafe.de\/shop\/temp8\/","title":{"rendered":"Temp8"},"content":{"rendered":"\t\t<div data-elementor-type=\"wp-post\" data-elementor-id=\"8180\" class=\"elementor elementor-8180\">\n\t\t\t\t\t\t<section class=\"elementor-section elementor-top-section elementor-element elementor-element-0daf072 elementor-section-boxed elementor-section-height-default elementor-section-height-default\" data-id=\"0daf072\" data-element_type=\"section\" data-e-type=\"section\">\n\t\t\t\t\t\t<div class=\"elementor-container elementor-column-gap-default\">\n\t\t\t\t\t<div class=\"aux-parallax-section elementor-column elementor-col-100 elementor-top-column elementor-element elementor-element-a1b663b\" data-id=\"a1b663b\" data-element_type=\"column\" data-e-type=\"column\">\n\t\t\t<div class=\"elementor-widget-wrap elementor-element-populated\">\n\t\t\t\t\t\t<div class=\"elementor-element elementor-element-bef7e19 elementor-widget elementor-widget-text-editor\" data-id=\"bef7e19\" data-element_type=\"widget\" data-e-type=\"widget\" data-widget_type=\"text-editor.default\">\n\t\t\t\t<div class=\"elementor-widget-container\">\n\t\t\t\t\t\t\t\t\t<h2 data-section-id=\"dloakm\" data-start=\"83\" data-end=\"159\"><span role=\"text\"><strong data-start=\"86\" data-end=\"159\">Temp8 Temperatur-Datenlogger \u2013 Zuverl\u00e4ssige \u00dcberwachung der K\u00fchlkette<\/strong><\/span><\/h2><p data-start=\"161\" data-end=\"368\">Der Temp8 ist ein benutzerfreundlicher und pr\u00e4ziser Temperatur-Datenlogger (auch als Temperatur-Logger oder Temperaturindikator bezeichnet) zur Aufzeichnung von Temperaturen w\u00e4hrend Transport und Lagerung.<\/p><p data-start=\"370\" data-end=\"695\">Dieser Logger eignet sich ideal f\u00fcr die Lebensmittelindustrie, die Pharmaindustrie, die chemische Industrie sowie f\u00fcr logistische Lieferketten. Dank seines robusten Geh\u00e4uses, des gut ablesbaren LCD-Displays und der einfachen Bedienung erf\u00fcllt er alle Anforderungen an eine zuverl\u00e4ssige Temperatur\u00fcberwachung in der K\u00fchlkette.<\/p>\t\t\t\t\t\t\t\t<\/div>\n\t\t\t\t<\/div>\n\t\t\t\t<section class=\"elementor-section elementor-inner-section elementor-element elementor-element-c69caca elementor-section-boxed elementor-section-height-default elementor-section-height-default\" data-id=\"c69caca\" data-element_type=\"section\" data-e-type=\"section\">\n\t\t\t\t\t\t<div class=\"elementor-container elementor-column-gap-default\">\n\t\t\t\t\t<div class=\"aux-parallax-section elementor-column elementor-col-50 elementor-inner-column elementor-element elementor-element-e652dd3\" data-id=\"e652dd3\" data-element_type=\"column\" data-e-type=\"column\">\n\t\t\t<div class=\"elementor-widget-wrap elementor-element-populated\">\n\t\t\t\t\t\t<div class=\"elementor-element elementor-element-9a1e4b0 elementor-widget elementor-widget-text-editor\" data-id=\"9a1e4b0\" data-element_type=\"widget\" data-e-type=\"widget\" data-widget_type=\"text-editor.default\">\n\t\t\t\t<div class=\"elementor-widget-container\">\n\t\t\t\t\t\t\t\t\t<hr data-start=\"730\" data-end=\"733\" \/><h3 data-section-id=\"xxonah\" data-start=\"735\" data-end=\"755\"><span role=\"text\"><strong data-start=\"738\" data-end=\"755\">Hauptmerkmale<\/strong><\/span><\/h3><ul data-start=\"757\" data-end=\"1448\"><li data-section-id=\"1q3kik3\" data-start=\"724\" data-end=\"760\"><strong data-start=\"726\" data-end=\"742\">Messbereich:<\/strong> -30\u00b0C bis +60\u00b0C<\/li><li data-section-id=\"uxv9y4\" data-start=\"761\" data-end=\"830\"><strong data-start=\"763\" data-end=\"779\">Genauigkeit:<\/strong> \u00b10,5\u00b0C (-20\u00b0C bis +40\u00b0C), \u00b11\u00b0C (\u00fcbriger Bereich)<\/li><li data-section-id=\"15g1ex7\" data-start=\"831\" data-end=\"874\"><strong data-start=\"833\" data-end=\"855\">Speicherkapazit\u00e4t:<\/strong> 32.000 Messwerte<\/li><li data-section-id=\"11v6aph\" data-start=\"875\" data-end=\"938\"><strong data-start=\"877\" data-end=\"893\">LCD-Display:<\/strong> Echtzeit-Anzeige von Temperatur und Status<\/li><li data-section-id=\"fm20rt\" data-start=\"939\" data-end=\"990\"><strong data-start=\"941\" data-end=\"955\">Messdauer:<\/strong> bis zu 210 Tage nach Aktivierung<\/li><li data-section-id=\"1sii5k7\" data-start=\"991\" data-end=\"1031\"><strong data-start=\"993\" data-end=\"1014\">Batterielaufzeit:<\/strong> bis zu 2 Jahre<\/li><li data-section-id=\"hfkl7g\" data-start=\"1032\" data-end=\"1113\"><strong data-start=\"1034\" data-end=\"1052\">Startoptionen:<\/strong> manuell per Knopfdruck oder mit voreingestellter Startzeit<\/li><li data-section-id=\"13niewh\" data-start=\"1114\" data-end=\"1198\"><strong data-start=\"1116\" data-end=\"1134\">Alarmfunktion:<\/strong> konfigurierbare Grenzwerte f\u00fcr hohe und niedrige Temperaturen<\/li><li data-section-id=\"ag4jj9\" data-start=\"1199\" data-end=\"1264\"><strong data-start=\"1201\" data-end=\"1219\">Messintervall:<\/strong> einstellbar von 10 Sekunden bis 18 Stunden<\/li><li data-section-id=\"1ta7fpt\" data-start=\"1265\" data-end=\"1326\"><strong data-start=\"1267\" data-end=\"1284\">Schutzklasse:<\/strong> IP54 \u2013 staub- und spritzwassergesch\u00fctzt<\/li><li data-section-id=\"1ebi49r\" data-start=\"1327\" data-end=\"1439\"><strong data-start=\"1329\" data-end=\"1351\">Berichterstellung:<\/strong> automatische PDF- und CSV-Berichte via USB (Plug &amp; Play, keine Software erforderlich)<\/li><li data-section-id=\"lrofn0\" data-start=\"1440\" data-end=\"1496\"><strong data-start=\"1442\" data-end=\"1468\">Abmessungen &amp; Gewicht:<\/strong> <br \/>95,5 \u00d7 49 \u00d7 7,8 mm | 25 g<\/li><li data-section-id=\"a56oee\" data-start=\"1497\" data-end=\"1608\"><strong data-start=\"1499\" data-end=\"1519\">IATA-zugelassen:<\/strong> geeignet f\u00fcr den Lufttransport mit FedEx, DHL, UPS, Icelandair, Cargolux und Lufthansa<\/li><\/ul>\t\t\t\t\t\t\t\t<\/div>\n\t\t\t\t<\/div>\n\t\t\t\t\t<\/div>\n\t\t<\/div>\n\t\t\t\t<div class=\"aux-parallax-section elementor-column elementor-col-50 elementor-inner-column elementor-element elementor-element-dd39be3\" data-id=\"dd39be3\" data-element_type=\"column\" data-e-type=\"column\">\n\t\t\t<div class=\"elementor-widget-wrap elementor-element-populated\">\n\t\t\t\t\t\t<div class=\"elementor-element elementor-element-c4d6a90 elementor-widget elementor-widget-text-editor\" data-id=\"c4d6a90\" data-element_type=\"widget\" data-e-type=\"widget\" data-widget_type=\"text-editor.default\">\n\t\t\t\t<div class=\"elementor-widget-container\">\n\t\t\t\t\t\t\t\t\t<h3 data-section-id=\"110hyfi\" data-start=\"1455\" data-end=\"1497\"><span role=\"text\"><strong data-start=\"1458\" data-end=\"1497\">Warum den Temp8 Datenlogger w\u00e4hlen?<\/strong><\/span><\/h3><ul data-start=\"1499\" data-end=\"1885\"><li data-section-id=\"qbi4ho\" data-start=\"1659\" data-end=\"1728\"><strong data-start=\"1661\" data-end=\"1686\">Sofort einsatzbereit:<\/strong> keine Softwareinstallation erforderlich<\/li><li data-section-id=\"1q6qkzz\" data-start=\"1729\" data-end=\"1803\"><strong data-start=\"1731\" data-end=\"1757\">Lufttransport-konform:<\/strong> akzeptiert von f\u00fchrenden Fluggesellschaften<\/li><li data-section-id=\"1e6zktl\" data-start=\"1804\" data-end=\"1885\"><strong data-start=\"1806\" data-end=\"1833\">Zuverl\u00e4ssige Messungen:<\/strong> hohe Genauigkeit f\u00fcr kritische Temperaturbereiche<\/li><li data-section-id=\"17pce3x\" data-start=\"1886\" data-end=\"1969\"><strong data-start=\"1888\" data-end=\"1923\">Automatische Berichterstellung:<\/strong> PDF- und CSV-Dateien werden direkt erstellt<\/li><li data-section-id=\"oy2xzg\" data-start=\"1970\" data-end=\"2060\"><strong data-start=\"1972\" data-end=\"1999\">Langfristig einsetzbar:<\/strong> bis zu 210 Tage Messdauer, Batterielaufzeit bis zu 2 Jahre<\/li><li data-section-id=\"uktjsq\" data-start=\"2061\" data-end=\"2142\"><strong data-start=\"2063\" data-end=\"2088\">Robust und langlebig:<\/strong> f\u00fcr anspruchsvolle logistische Bedingungen geeignet<\/li><\/ul>\t\t\t\t\t\t\t\t<\/div>\n\t\t\t\t<\/div>\n\t\t\t\t<div class=\"elementor-element elementor-element-3309b45 elementor-widget elementor-widget-text-editor\" data-id=\"3309b45\" data-element_type=\"widget\" data-e-type=\"widget\" data-widget_type=\"text-editor.default\">\n\t\t\t\t<div class=\"elementor-widget-container\">\n\t\t\t\t\t\t\t\t\t<h3 data-section-id=\"r2tane\" data-start=\"1892\" data-end=\"1917\"><span role=\"text\"><strong data-start=\"1895\" data-end=\"1917\">Anwendungsbereiche<\/strong><\/span><\/h3><ul data-start=\"1919\" data-end=\"2262\"><li data-section-id=\"17cjwxk\" data-start=\"2176\" data-end=\"2250\"><strong data-start=\"2178\" data-end=\"2204\">Lebensmittelindustrie:<\/strong> \u00dcberwachung von K\u00fchl- und Tiefk\u00fchlprodukten<\/li><li data-section-id=\"x05hoa\" data-start=\"2251\" data-end=\"2323\"><strong data-start=\"2253\" data-end=\"2264\">Pharma:<\/strong> Transport von Impfstoffen und Medikamenten (GDP-konform)<\/li><li data-section-id=\"1qhyhe1\" data-start=\"2324\" data-end=\"2390\"><strong data-start=\"2326\" data-end=\"2350\">Chemische Industrie:<\/strong> Schutz temperaturempfindlicher Stoffe<\/li><li data-section-id=\"1k8uzba\" data-start=\"2391\" data-end=\"2437\"><strong data-start=\"2393\" data-end=\"2406\">Logistik:<\/strong> Container, Lkw und K\u00fchlr\u00e4ume<\/li><li data-section-id=\"tvlmhg\" data-start=\"2438\" data-end=\"2486\"><strong data-start=\"2440\" data-end=\"2451\">Labore:<\/strong> Qualit\u00e4tskontrolle und Forschung<\/li><\/ul>\t\t\t\t\t\t\t\t<\/div>\n\t\t\t\t<\/div>\n\t\t\t\t\t<\/div>\n\t\t<\/div>\n\t\t\t\t\t<\/div>\n\t\t<\/section>\n\t\t\t\t<div class=\"elementor-element elementor-element-b388706 elementor-widget elementor-widget-text-editor\" data-id=\"b388706\" data-element_type=\"widget\" data-e-type=\"widget\" data-widget_type=\"text-editor.default\">\n\t\t\t\t<div class=\"elementor-widget-container\">\n\t\t\t\t\t\t\t\t\t<h3 data-section-id=\"1i4vpap\" data-start=\"2269\" data-end=\"2290\"><span role=\"text\"><strong data-start=\"2272\" data-end=\"2290\">Funktionsweise<\/strong><\/span><\/h3><p data-start=\"2516\" data-end=\"2770\">Platzieren Sie den Temp8 Temperatur-Datenlogger in der gew\u00fcnschten Umgebung und aktivieren Sie ihn einfach per Knopfdruck oder \u00fcber eine voreingestellte Startzeit. W\u00e4hrend des Betriebs zeigt das LCD-Display den aktuellen Status sowie die Temperatur an.<\/p><p data-start=\"2772\" data-end=\"2927\">Nach Abschluss verbinden Sie den Logger per USB mit Ihrem Computer \u2013 die PDF- und CSV-Berichte werden automatisch erstellt, ganz ohne zus\u00e4tzliche Software.<\/p><ul data-start=\"2929\" data-end=\"3139\"><li data-section-id=\"1vgxmet\" data-start=\"2929\" data-end=\"2994\"><strong data-start=\"2931\" data-end=\"2964\">3 Sekunden Starttaste dr\u00fccken<\/strong>, um das Ger\u00e4t zu aktivieren<\/li><li data-section-id=\"1rxp5hl\" data-start=\"2995\" data-end=\"3064\"><strong data-start=\"2997\" data-end=\"3030\">3 Sekunden Stopptaste dr\u00fccken<\/strong>, um die Aufzeichnung zu beenden<\/li><li data-section-id=\"13oey3f\" data-start=\"3065\" data-end=\"3139\"><strong data-start=\"3067\" data-end=\"3101\">Einmal kurz Starttaste dr\u00fccken<\/strong>, um die aktuelle Messung anzuzeigen<\/li><\/ul>\t\t\t\t\t\t\t\t<\/div>\n\t\t\t\t<\/div>\n\t\t\t\t\t<\/div>\n\t\t<\/div>\n\t\t\t\t\t<\/div>\n\t\t<\/section>\n\t\t\t\t<\/div>\n\t\t","protected":false},"excerpt":{"rendered":"<h4>Unsere Berater helfen Ihnen gerne weiter!<\/h4>\n<style id=\"wpforms-css-vars-5234\">\n\t\t\t\t#wpforms-5234 {\n\t\t\t\t--wpforms-container-padding: 0px;\n--wpforms-container-border-width: 1px;\n--wpforms-container-border-radius: 3px;\n--wpforms-background-color: rgba(0, 0, 0, 0);\n--wpforms-field-size-input-height: 43px;\n--wpforms-field-size-input-spacing: 15px;\n--wpforms-field-size-font-size: 16px;\n--wpforms-field-size-line-height: 19px;\n--wpforms-field-size-padding-h: 14px;\n--wpforms-field-size-checkbox-size: 16px;\n--wpforms-field-size-sublabel-spacing: 5px;\n--wpforms-field-size-icon-size: 1;\n--wpforms-label-size-font-size: 16px;\n--wpforms-label-size-line-height: 19px;\n--wpforms-label-size-sublabel-font-size: 14px;\n--wpforms-label-size-sublabel-line-height: 17px;\n--wpforms-button-size-font-size: 17px;\n--wpforms-button-size-height: 41px;\n--wpforms-button-size-padding-h: 15px;\n--wpforms-button-size-margin-top: 10px;\n--wpforms-container-shadow-size-box-shadow: none;\n\t\t\t}\n\t\t\t<\/style><div class=\"wpforms-container wpforms-container-full wpforms-render-modern\" id=\"wpforms-5234\"><form id=\"wpforms-form-5234\" class=\"wpforms-validate wpforms-form wpforms-ajax-form\" data-formid=\"5234\" method=\"post\" enctype=\"multipart\/form-data\" action=\"\/shop\/wp-json\/wp\/v2\/product\/8180\" data-token=\"6dda5324e9af530c3d374163985eaebd\" data-token-time=\"1777996326\"><noscript class=\"wpforms-error-noscript\">Bitte aktiviere JavaScript in deinem Browser, um dieses Formular fertigzustellen.<\/noscript><div id=\"wpforms-error-noscript\" style=\"display: none;\">Bitte aktiviere JavaScript in deinem Browser, um dieses Formular fertigzustellen.<\/div><div class=\"wpforms-field-container\"><div id=\"wpforms-5234-field_1-container\" class=\"wpforms-field wpforms-field-name\" data-field-id=\"1\"><label class=\"wpforms-field-label\" for=\"wpforms-5234-field_1\">Name <span class=\"wpforms-required-label\" aria-hidden=\"true\">*<\/span><\/label><input type=\"text\" id=\"wpforms-5234-field_1\" class=\"wpforms-field-large wpforms-field-required\" name=\"wpforms[fields][1]\" aria-errormessage=\"wpforms-5234-field_1-error\" required><\/div><div id=\"wpforms-5234-field_2-container\" class=\"wpforms-field wpforms-field-email\" data-field-id=\"2\"><label class=\"wpforms-field-label\" for=\"wpforms-5234-field_2\">E-Mail-Adresse <span class=\"wpforms-required-label\" aria-hidden=\"true\">*<\/span><\/label><input type=\"email\" id=\"wpforms-5234-field_2\" class=\"wpforms-field-large wpforms-field-required\" name=\"wpforms[fields][2]\" spellcheck=\"false\" aria-errormessage=\"wpforms-5234-field_2-error\" required><\/div>\t\t<div id=\"wpforms-5234-field_5-container\"\n\t\t\tclass=\"wpforms-field wpforms-field-text\"\n\t\t\tdata-field-type=\"text\"\n\t\t\tdata-field-id=\"5\"\n\t\t\t>\n\t\t\t<label class=\"wpforms-field-label\" for=\"wpforms-5234-field_5\" >Nachricht Telefonnummer Name<\/label>\n\t\t\t<input type=\"text\" id=\"wpforms-5234-field_5\" class=\"wpforms-field-medium\" name=\"wpforms[fields][5]\" >\n\t\t<\/div>\n\t\t<div id=\"wpforms-5234-field_4-container\" class=\"wpforms-field wpforms-field-number\" data-field-id=\"4\"><label class=\"wpforms-field-label\" for=\"wpforms-5234-field_4\">Telefonnummer <span class=\"wpforms-required-label\" aria-hidden=\"true\">*<\/span><\/label><input type=\"number\" id=\"wpforms-5234-field_4\" class=\"wpforms-field-large wpforms-field-required\" name=\"wpforms[fields][4]\" step=\"any\" aria-errormessage=\"wpforms-5234-field_4-error\" required><\/div><div id=\"wpforms-5234-field_3-container\" class=\"wpforms-field wpforms-field-textarea\" data-field-id=\"3\"><label class=\"wpforms-field-label\" for=\"wpforms-5234-field_3\">Nachricht oder Kommentar<\/label><textarea id=\"wpforms-5234-field_3\" class=\"wpforms-field-large\" name=\"wpforms[fields][3]\" aria-errormessage=\"wpforms-5234-field_3-error\" ><\/textarea><\/div><script>\n\t\t\t\t( function() {\n\t\t\t\t\tconst style = document.createElement( 'style' );\n\t\t\t\t\tstyle.appendChild( document.createTextNode( '#wpforms-5234-field_5-container { position: absolute !important; overflow: hidden !important; display: inline !important; height: 1px !important; width: 1px !important; z-index: -1000 !important; padding: 0 !important; } #wpforms-5234-field_5-container input { visibility: hidden; } #wpforms-conversational-form-page #wpforms-5234-field_5-container label { counter-increment: none; }' ) );\n\t\t\t\t\tdocument.head.appendChild( style );\n\t\t\t\t\tdocument.currentScript?.remove();\n\t\t\t\t} )();\n\t\t\t<\/script><\/div><!-- .wpforms-field-container --><div class=\"wpforms-submit-container\" ><input type=\"hidden\" name=\"wpforms[id]\" value=\"5234\"><input type=\"hidden\" name=\"page_title\" value=\"\"><input type=\"hidden\" name=\"page_url\" value=\"https:\/\/immersafe.de\/shop\/wp-json\/wp\/v2\/product\/8180\"><input type=\"hidden\" name=\"url_referer\" value=\"\"><button type=\"submit\" name=\"wpforms[submit]\" id=\"wpforms-submit-5234\" class=\"wpforms-submit\" data-alt-text=\"Senden...\" data-submit-text=\"Anfrage senden\" aria-live=\"assertive\" value=\"wpforms-submit\">Anfrage senden<\/button><img decoding=\"async\" src=\"https:\/\/immersafe.de\/shop\/wp-content\/plugins\/wpforms-lite\/assets\/images\/submit-spin.svg\" class=\"wpforms-submit-spinner\" style=\"display: none;\" width=\"26\" height=\"26\" alt=\"Wird geladen\"><\/div><\/form><\/div>  <!-- .wpforms-container -->\n","protected":false},"featured_media":8185,"template":"","meta":{"_acf_changed":false,"postBodyCss":"","postBodyMargin":[],"postBodyPadding":[],"postBodyBackground":{"backgroundType":"classic","gradient":""}},"product_brand":[],"product_cat":[259,238,176],"product_tag":[],"class_list":{"0":"post-8180","1":"product","2":"type-product","3":"status-publish","4":"has-post-thumbnail","6":"product_cat-indikatoren","7":"product_cat-spezialprodukte","8":"product_cat-temperatur-datenlogger","10":"first","11":"onbackorder","12":"taxable","13":"shipping-taxable","14":"product-type-simple"},"acf":[],"tiered_pricing_type":"fixed","tiered_pricing_fixed_rules":[],"tiered_pricing_product_settings":{"layout":"default","base_unit_name":{"singular":null,"plural":null},"default_variation":null},"tiered_pricing_minimum_quantity":null,"tiered_pricing_roles_data":[],"tiered_pricing_percentage_rules":[],"_links":{"self":[{"href":"https:\/\/immersafe.de\/shop\/wp-json\/wp\/v2\/product\/8180","targetHints":{"allow":["GET"]}}],"collection":[{"href":"https:\/\/immersafe.de\/shop\/wp-json\/wp\/v2\/product"}],"about":[{"href":"https:\/\/immersafe.de\/shop\/wp-json\/wp\/v2\/types\/product"}],"version-history":[{"count":8,"href":"https:\/\/immersafe.de\/shop\/wp-json\/wp\/v2\/product\/8180\/revisions"}],"predecessor-version":[{"id":8212,"href":"https:\/\/immersafe.de\/shop\/wp-json\/wp\/v2\/product\/8180\/revisions\/8212"}],"wp:featuredmedia":[{"embeddable":true,"href":"https:\/\/immersafe.de\/shop\/wp-json\/wp\/v2\/media\/8185"}],"wp:attachment":[{"href":"https:\/\/immersafe.de\/shop\/wp-json\/wp\/v2\/media?parent=8180"}],"wp:term":[{"taxonomy":"product_brand","embeddable":true,"href":"https:\/\/immersafe.de\/shop\/wp-json\/wp\/v2\/product_brand?post=8180"},{"taxonomy":"product_cat","embeddable":true,"href":"https:\/\/immersafe.de\/shop\/wp-json\/wp\/v2\/product_cat?post=8180"},{"taxonomy":"product_tag","embeddable":true,"href":"https:\/\/immersafe.de\/shop\/wp-json\/wp\/v2\/product_tag?post=8180"}],"curies":[{"name":"wp","href":"https:\/\/api.w.org\/{rel}","templated":true}]}}